. Is v a multiple of 8?
True
Suppose -4*d + 4 = 0, -y + 6*y = -5*d + 55. Suppose -4*i - y + 14 = 0. Is (2 + 2)*i - -53 a multiple of 13?
False
Let g(n) be the second derivative of 17*n**4/12 - n**3/2 + 7*n**2/2 + 3*n. Let z be g(3). Suppose -6*j - 55 = -z. Does 2 divide j?
True
Suppose 14 = h + 2*y, 3*y = -5*h + 7*y. Suppose -2*g + 1515 = -3*s, h*g + 4*s - 1972 - 1068 = 0. Is 69 a factor of g?
True
Let v be (-6740)/(-44) + (-4 - 5) + (-97)/(-11). Suppose -839 - 103 = -2*u. Suppose -3*i - v = -u. Is 5 a factor of i?
False
Let j be (139 - 0)/(27/972). Suppose -8016 = -35*m + j. Does 31 divide m?
True
Let y be (3 - -1)*(-13)/4. Let s(j) = -2*j - 73*j**2 - 8 - j**3 + 141*j**2 - 81*j**2. Does 6 divide s(y)?
True
Is 51*(-3813)/558*4*-2 a multiple of 34?
True
Let l(y) = -2*y**3 + 2*y**2 + 7*y - 9. Let j be l(4). Let q = 145 + j. Is 5 a factor of q?
False
Suppose 2*s = 2*s + 16*s. Suppose -5*y = -s*y. Suppose 2*m + 24 = 4*c + c, y = 4*c - 4*m - 24. Does 4 divide c?
True
Let m = 15978 - -2043. Is 165 a factor of m?
False
Suppose -20549 = -5*z + 77*v - 78*v, 20501 = 5*z - 11*v. Does 27 divide z?
False
Is (138/(-483))/(4/(-37282)) a multiple of 48?
False
Let b(f) = -2*f**2 - 32*f + 12. Let y be b(-16). Let c = y + 114. Is 6 a factor of c?
True
Suppose x + 13 = -31. Let k = x + 28. Is 4 a factor of (1 - (1 + -2)) + (-64)/k?
False
Let d = 160 + -165. Let w(l) = 4*l**2 - 10*l - 59. Is w(d) a multiple of 7?
True
Is 6 a factor of ((-264)/300*5)/((-2)/685)?
False
Let k(m) = -10*m**3 - 2*m**2 + m. Let g be ((-3)/9 + 10/12)*8. Suppose -4*v = -g*r + 8, -v + 2*v + 4 = 0. Is 14 a factor of k(r)?
True
Suppose 45*m = m + 25*m + 11704. Does 4 divide m?
True
Suppose 9*d - 12 - 24 = 0. Suppose -d*a = a + 3*f + 4, 3*f = -a + 4. Is 10 a factor of 2 - (6 + -1) - (a - 19)?
False
Suppose 17*p + 22*p = 178074. Is 7 a factor of p?
False
Let o(a) = a**2 + 4*a - 131. Let s be o(-13). Let z be 525/9 - 1/3. Let t = s + z. Is 22 a factor of t?
True
Suppose -3*x - 4*y = -61, 0 = -4*x + 3*y + 23 + 25. Let g = x + 19. Does 3 divide g?
False
Suppose 4*o - 3*o + 4*l + 21 = 0, 5*o + 29 = -l. Let h = 26 + o. Suppose -9 = -2*a + h. Is a a multiple of 5?
True
Let h be (2 - 0) + (-6)/(-4)*2. Suppose 2095 = h*n - j, n - 3*j = -102 + 535. Does 22 divide n?
True
Let h(k) = -23*k + 88. Let m be h(13). Does 13 divide (5 - (-5 + m))/1?
True
Let l(t) = -82*t + 106. Suppose c + 9 = -u, 5*c + 0 + 41 = -3*u. Is 23 a factor of l(c)?
False
Suppose 3*u + a - 15010 = u, -3*u = -3*a - 22506. Does 56 divide u?
True
Suppose -x - c = -13715, -c - 41165 = -14*x + 11*x. Is 17 a factor of x?
False
Suppose 10*y - 20 = 8*y + 5*h, -3*y = 5*h - 5. Suppose 2*n - 736 = -3*r, 437 = y*n - 2*r - 1441. Is 21 a factor of n?
False
Let n(h) = -160*h + 79. Let f(c) = 640*c - 311. Let v(t) = -2*f(t) - 9*n(t). Does 7 divide v(2)?
True
Let r(y) = y**3 + 14*y - 4 - 5 - 7*y**2 + 0. Let x(z) = -2*z + 42. Let b be x(18). Is 13 a factor of r(b)?
True
Let f(t) = 20*t**3 - t**2 - 2*t - 3. Let i be f(3). Suppose 18 = -4*s + i. Let d = s + -63. Does 9 divide d?
True
Let b be (-25)/(-5) - (-1 - -6). Let g(r) = -33*r + 207. Is g(b) a multiple of 69?
True
Let p = 3140 + -2181. Is p a multiple of 39?
False
Suppose 8*y + 19 = 9*y. Suppose -5*f + 289 = y. Is f a multiple of 9?
True
Suppose 0*w - 129 = -3*w + 3*c, -2*w + 71 = 3*c. Let g = -36 + w. Suppose j = 2*n + 129, 4*j + g*n = 312 + 204. Is j a multiple of 22?
False
Let r be -12*(-14)/28*(-1 + 0). Let s(k) = -1 - 4 - 6*k**2 + 6*k**2 - k**2 - 11*k. Is s(r) even?
False
Let u(j) = 193*j**3 + 4*j**2 - 1. Let i be u(-3). Let w be (-2)/(-4) - i/(-16). Let d = w + 599. Does 52 divide d?
False
Suppose 24 = t - 2*a, -3*a + 8 = -4*t + 79. Suppose -t*l + 5019 + 12383 = 0. Does 31 divide l?
False
Is 10/(-45) + (-299635)/(-315) a multiple of 7?
False
Let f(v) = -2*v**2 + 19*v + 36. Let m be f(11). Suppose -4*w = 4*x - 464 - 280, -4*w = -m*x + 586. Is 14 a factor of x?
False
Is 13 a factor of (-42136153)/(-1415) + (-2)/10?
False
Let w be (13 - 13)/(1 - -1). Suppose w = -10*k - 3*k - 1274. Let v = 176 + k. Is v a multiple of 11?
False
Let k(j) = -j**2 - 36*j - 42. Let q be (-33)/(10 + -7 + -2). Does 3 divide k(q)?
True
Let t = 16223 + -14596. Is 5 a factor of t?
False
Suppose 10*y = -4*q + 6*y + 1076, 0 = 5*q - 3*y - 1361. Suppose 2*a + 2*a = 2*t - 526, 2*a - 3*t + 257 = 0. Let k = q + a. Is k a multiple of 17?
False
Suppose 5*w - 87 = -97. Let y = w - -164. Does 13 divide y?
False
Let y = 38 - 33. Suppose y*h - 8 = -4*v - 1, 0 = -v - 2. Suppose 3*c + 25 = 2*z, 4*c = h*z - z - 26. Does 11 divide z?
True
Let t = -741 - -1386. Does 6 divide t?
False
Let g(t) = -4*t**2 + 27*t + 19. Let p be g(7). Does 9 divide (-24)/32 + (0 - (-3789)/p)?
True
Let t(y) = 173*y - 667. Is t(8) a multiple of 32?
False
Let j = 28677 + -11098. Does 53 divide j?
False
Suppose -4*c = -5 - 19. Let o be c + -5 - (0/2 - 293). Suppose -o = -2*x - 4*x. Is 11 a factor of x?
False
Let y be (-4)/28*0 + (2 - -19). Suppose -15*j = -39 - y. Suppose -4*s + 344 = 2*o, -7*s - j*o = -2*s - 427. Is s a multiple of 40?
False
Let j = -28743 - -44733. Is j a multiple of 123?
True
Let m(j) = -3*j**3 + 31*j**2 - 34*j + 31. Let q(d) = -d**3 + 10*d**2 - 11*d + 10. Let p(b) = -4*m(b) + 11*q(b). Does 2 divide p(13)?
True
Suppose -4*l - 5 = l, 5*l + 140 = 3*f. Let m = f - 40. Suppose -2*q + 240 = 5*i, -m*i - 2*q + 245 = q. Is 23 a factor of i?
True
Suppose 4*x - 248 = -228. Does 20 divide 5*(4 - (5 - x))?
True
Let h(w) = -2*w**3 + w**2 - 3*w + 1. Let s be h(1). Does 10 divide 2 - (-1 - ((s - -76) + 3))?
False
Suppose 0 = -3*m - 2*k - 0 + 3, -2*m + 5*k + 2 = 0. Let b be m/(3 - 21/6). Is 20 a factor of (-227)/(-5) - b/(-5)?
False
Does 105 divide (-3)/((-5602)/27860 - (-33)/165)?
False
Let q be (20/(-3))/((-6)/27). Suppose -3*h - q = 2*h. Let y = h + 30. Does 4 divide y?
True
Suppose 12*x - x - 55 = 0. Suppose -x*j + 980 + 175 = 0. Is 23 a factor of j?
False
Suppose -28924 = -51*g + 19985. Does 86 divide g?
False
Let j(s) = s**3 - 11*s**2 - 18*s + 300. Is 5 a factor of j(11)?
False
Let x(j) = -2*j**3 + 21*j**2 + 12*j - 7. Let b be 5 - (-3)/1 - -3. Let y be x(b). Suppose -y*r + 97 = -l, -2*l = 2*l + 4. Does 6 divide r?
True
Let u be 0 + 0 - 0*(-6)/36. Suppose u = -15*q - 1116 + 321. Let t = q - -145. Does 8 divide t?
False
Let q(j) = -71*j + 68. Let h be q(-5). Let g = h - 379. Is g a multiple of 4?
True
Let v(d) = 2*d**3 + 62*d**2 + 14*d - 332. Is 59 a factor of v(-25)?
False
Suppose -3*b + c + 166 = -216, -2*b = 4*c - 264. Suppose -5*u = -5*w - 275, 0 = -2*u - 3*w + b + 2. Is 26 a factor of u?
False
Suppose s - 34 = -10. Suppose 3*f = -5*u - 200, s - 216 = 3*f - 3*u. Let y = -57 - f. Is y a multiple of 2?
True
Suppose -8*z + 1326 = -1506. Let i = -189 + z. Is i a multiple of 55?
True
Let o be 40/(-8 + 3) + 12. Suppose -20*f + 2*a + 1190 = -16*f, o*f + 3*a = 1175. Does 8 divide f?
True
Suppose -5*b = 25, 0 = 5*g + 5*b - 13153 + 3478. Does 4 divide g?
True
Let b = -74 + 125. Suppose -y - u - b = -415, 0 = 4*u - 4. Is y a multiple of 33?
True
Suppose i = d, 5*i + 2 = 4*d + 5. Suppose -6*n + 2088 = -d*n. Is 10 a factor of n?
False
Is 189 a factor of (-9 - (3 - 2))/(276/(-78246))?
True
Let w = 10526 - 3974. Suppose -17*h + 4*h = -w. Is 42 a factor of h?
True
Let q(l) = 372*l + 983. Does 145 divide q(11)?
True
Let x = -17 - 33. Let g = -22 - x. Let w = 48 - g. Is w a multiple of 4?
True
Let d(a) = 18*a - 115. Let f(b) = -b**3 + 9*b**2 + 5*b - 17. Let y be f(9). Is 14 a factor of d(y)?
False
Suppose -5*b - j = -632, 5*b = 6*b + j - 128. Let f be 4*((-9)/(-3) + -2). Suppose -3*z + 4*z + f*q - b = 0, 4*z - 5*q = 588. Does 19 divide z?
False
Let f = 42 - 39. Suppose -f*u = -5*t, t = -0*u - 4*u. Suppose 7*g + 76 - 272 = t. Is g a multiple of 14?
True
Suppose -i = 2*r + 2, 4*i - 32 = -16. Let u = 61 - 19. Let k = u + r. Is k a multiple of 13?
True
Let q be (2/3)/(18/(-621)). Is 58 a factor of (3/(-6))/(q/30176)?
False
Let n(j) = -j**2 - 18*j - 22. Let z be (-2)/(-2)*124/4. Suppose -3*p + 0*s + 2*s = 32, 4*p + z = 5*s. Does 34 divide n(p)?
True
Suppose 18200 = 313*r - 299*r. Is 4 a factor of r?
True
Let m = -15 + 13. Is 90*(m/12 + (-42)/(-9)) a multiple of 45?
True
Let g be (12/4)/(2/(-16)). Let j(i) = i**2 - 20*i - 48. Let l be j(g). Suppose 0 = -7*a + 392 + l. Does